, what is -143214b - 4?
-1432150
In base 7, what is -16242 + 20445?
1203
In base 4, what is 11231303 + -1201?
11230102
In base 8, what is -101377 - -3510?
-75667
In base 16, what is -e72d - c2?
-e7ef
In base 6, what is 35 + -1202?
-1123
In base 6, what is 4 - -10010344514?
10010344522
In base 2, what is 100 - -1010001011101110?
1010001011110010
In base 15, what is 30b4d34 - -9?
30b4d3d
In base 2, what is -11000000010100011100 - 101001000?
-11000000011001100100
In base 16, what is -12 - e4c31?
-e4c43
In base 4, what is 23 + 31110221102?
31110221131
In base 6, what is 114125 + 235045?
353214
In base 3, what is -11222 - -2120222012?
2120210020
In base 15, what is -17c5 + -1371?
-2b46
In base 2, what is 100000001101 - 110111011010011?
-110011011000110
In base 7, what is -12050146 + 6?
-12050140
In base 10, what is -447 - 3942?
-4389
In base 2, what is 1101000100100110001011000 - 11?
1101000100100110001010101
In base 14, what is -210c - 111d8?
-13306
In base 3, what is 2222202 - 2200122?
22010
In base 5, what is 200 - -12243334?
12244034
In base 7, what is 441225 + -362?
440533
In base 11, what is -400334 - -5?
-40032a
In base 2, what is 100110010011110001111000011 + -101?
100110010011110001110111110
In base 16, what is -1550 - -b2f?
-a21
In base 2, what is -1010100111010100 - -1010110110?
-1010011100011110
In base 4, what is -333 + -100300312333?
-100300313332
In base 12, what is 5 + 54b942?
54b947
In base 16, what is 87c + 38a?
c06
In base 6, what is -23135 - -51143?
24004
In base 8, what is 1374 - 3261?
-1665
In base 13, what is -15c3b02 + -4?
-15c3b06
In base 9, what is -873504 - 33?
-873537
In base 2, what is -101010111100111 - -1010000011101?
-100000111001010
In base 16, what is 126d2 + -3df?
122f3
In base 5, what is 43031 - -41010124?
41103210
In base 6, what is -13 + -5421035502?
-5421035515
In base 3, what is -1020 - 212101122200000?
-212101122201020
In base 2, what is 100100101000001 - -10001100011010011?
10110001000010100
In base 13, what is -5a53875 + 3?
-5a53872
In base 12, what is 270766 - 2?
270764
In base 5, what is -3040033103 + -2?
-3040033110
In base 6, what is 242 + 235001515?
235002201
In base 3, what is 1002000100 - 10010?
1001220020
In base 6, what is 3 + 3344521?
3344524
In base 13, what is 120bc0 - -21c?
12110c
In base 15, what is -3d990a09 + -2?
-3d990a0b
In base 13, what is 1032a - 47?
102b3
In base 9, what is -801216 - -306?
-800810
In base 15, what is 5 - 4544c27?
-4544c22
In base 7, what is -150123323 - -22?
-150123301
In base 16, what is -4918 - 184?
-4a9c
In base 6, what is 102140452 + -1300?
102135152
In base 7, what is 11052333 - 601?
11051432
In base 5, what is -22430133010 - -4?
-22430133001
In base 16, what is -d07573 - 5?
-d07578
In base 11, what is -3 - 440582a?
-4405832
In base 4, what is -10313020 - -230?
-10312130
In base 4, what is -231122012231 + -11?
-231122012302
In base 8, what is -143 - 1047434?
-1047577
In base 6, what is -4514 + -23?
-4541
In base 10, what is 4577 + -108786?
-104209
In base 9, what is -2246051 + 653?
-2245287
In base 7, what is 145244 + 340?
145614
In base 12, what is 0 - -1058202?
1058202
In base 4, what is -2021101322020221 - -3?
-2021101322020212
In base 14, what is 298 - -5a51a?
5a7b4
In base 7, what is 21065 - -261031?
312126
In base 7, what is 61 + 2010553?
2010644
In base 4, what is 3 - 21120220120321?
-21120220120312
In base 9, what is -1133380 + -18?
-1133408
In base 10, what is 107 - -92211?
92318
In base 11, what is 68067 + 50?
68107
In base 9, what is -1371 + -20201?
-21572
In base 11, what is -689624 + 2?
-689622
In base 15, what is -46e + -1ea7?
-2426
In base 5, what is -331 - 140302433?
-140303314
In base 10, what is -2 + -54890603?
-54890605
In base 9, what is -22653 - -13238?
-8414
In base 12, what is -165783 - 196?
-165959
In base 6, what is -132511254 + 0?
-132511254
In base 11, what is 80132 - 156?
7aa87
In base 3, what is -1002012 - -2011220211?
2010211122
In base 3, what is -21102200002 + 1111?
-21102121121
In base 3, what is -200002 + 1222102201022?
1222102001020
In base 5, what is 103040433 + 22?
103041010
In base 10, what is -163281405 + 2?
-163281403
In base 2, what is -100 + 1100001111010101011101?
1100001111010101011001
In base 5, what is -4 + 100133404200?
100133404141
In base 5, what is -22121422 + 11212?
-22110210
In base 12, what is 2a3b + -2a6?
2755
In base 8, what is -14720 + -53051?
-67771
In base 2, what is -11011000 + 10101110100000010?
10101110000101010
In base 16, what is 2cfd7e + -c?
2cfd72
In base 4, what is 3 - -2031111200213?
2031111200222
In base 4, what is 0 + 100130032013?
100130032013
In base 12, what is -1155 - -2736?
15a1
In base 6, what is 23254503 - 20?
23254443
In base 16, what is -fb - -f41?
e46
In base 5, what is -2001232011 + -34?
-2001232100
In base 12, what is 1 + -13b696b?
-13b696a
In base 3, what is -21 - -1020011112020121?
1020011112020100
In base 7, what is 1321443 + 5?
1321451
In base 9, what is 25378671 - 3?
25378667
In base 11, what is 288027 - -5?
288031
In base 7, what is 1234 + -1015404?
-1014140
In base 11, what is 847 + 4910?
5657
In base 7, what is 3 - -12564613?
12564616
In base 13, what is -5 + -1470057b?
-14700583
In base 4, what is 21 + -1110232000?
-1110231313
In base 6, what is 45540051 + 200?
45540251
In base 12, what is 5 - -3869729?
3869732
In base 7, what is 120622522 + 5?
120622530
In base 6, what is -23 + 122154054?
122154031
In base 9, what is 31335 + 1742?
33177
In base 14, what is -115616 - -950?
-114aa6
In base 14, what is -200bc258 + -2?
-200bc25a
In base 5, what is 4 - -1220344210?
1220344214
In base 16, what is -160ba + -b?
-160c5
In base 12, what is -26 - -6b2515?
6b24ab
In base 7, what is 430243626 + -3?
430243623
In base 12, what is -190 + -86293?
-86463
In base 7, what is 11 + -22655042?
-22655031
In base 8, what is 1151 + 4067556?
4070727
In base 10, what is -2702 - 77778?
-80480
In base 9, what is 3732 - 418370?
-414537
In base 15, what is -b7a + 1cd7?
115c
In base 10, what is 332975 - 22?
332953
In base 6, what is 31104530 + -1223?
31103303
In base 3, what is 1010102022 - -110201?
1010220000
In base 7, what is -1205 - -105523?
104315
In base 14, what is -1a6d632 - b?
-1a6d63d
In base 2, what is -10111010100 + -111011001110011?
-111110001000111
In base 4, what is -2 + -12233100302?
-12233100310
In base 16, what is 6de + -12b34?
-12456
In base 5, what is 100 - 412240144?
-412240044
In base 16, what is 541b - 87?
5394
In base 6, what is 2111023342 - -5?
2111023351
In base 9, what is -133805 + 2147?
-131647
In base 9, what is 2068 + -4762?
-2683
In base 8, what is 1 - 17240377?
-17240376
In base 13, what is -5 + -7324088?
-7324090
In base 6, what is 22 - 102454025?
-102454003
In base 16, what is -4 - -2bf3c44?
2bf3c40
In base 10, what is -12 - 369529?
-369541
In base 10, what is -3044050 - 5?
-3044055
In base 14, what is -38 - 878b3?
-8790b
In base 3, what is 1111220 + -2011102200?
-2002220210
In base 10, what is 1090 + 11722?
12812
In base 11, what is 8314a03 - -3?
8314a06
In base 12, what is 7 - 3567a03?
-35679b8
In base 4, what is 2 + -2221320333?
-2221320331
In base 14, what is -4 + 1b1390b?
1b13907
In base 2, what is -10001111100110111011000 + -110?
-10001111100110111011110
In base 8, what is -1 + -45463422?
-45463423
In base 9, what is -2 + -25054121?
-25054123
In base 16, what is 9651 + 1b?
966c
In base 5, what is -11041 + -1320320?
-1331411
In base 12, what is -12 + -2975580?
-2975592
In base 15, what is 313e8 - 1e?
313c9
In base 15, what is 1c + -56724?
-56707
In base 9, what is 4 - 351842610?
-351842605
In base 2, what is -10000110111 + 1110011100100?
1100010101101
In base 6, what is -3302004 - 120?
-3302124
In base 3, what is -10020102102001000 + -11?
-10020102102001011
In base 12, what is 458785 + -9?
458778
In base 16, what is 128b - 2927?
-169c
In base 7, what is 13204002 + 204?
13204206
In base 14, what is 265d204 - 4?
265d200
In base 10, what is -634340646 - -1?
-634340645
In base 15, what is 395 - 39abb?
-39726
In base 16, what is b197c + 39?
b19b5
In base 8, what is 252 + 644234?
644506
In base 13, what is b - -7c13280?
7c1328b
In base 16, what is -9dc9 + 158?
-9c71
In base 9, what is 348 + -1074556?
-1074207
In base 3, what is -1021011011 - -100?
-1021010211
In base 16